) to base 10.
240
-225 (base 6) to base 13
-6b
Convert 4 (base 12) to base 16.
4
What is -a (base 11) in base 6?
-14
Convert -24 (base 5) to base 10.
-14
Convert -25 (base 7) to base 15.
-14
6 (base 11) to base 2
110
Convert 1 (base 11) to base 9.
1
What is -10 (base 6) in base 8?
-6
-10001 (base 2) to base 6
-25
-10 (base 7) to base 10
-7
19 (base 14) to base 12
1b
Convert 8 (base 11) to base 13.
8
What is 4 (base 6) in base 3?
11
1101 (base 2) to base 15
d
-2222 (base 4) to base 15
-b5
What is -3c (base 14) in base 7?
-105
What is -310 (base 4) in base 3?
-1221
3 (base 11) to base 14
3
What is -d (base 14) in base 6?
-21
Convert 1 (base 9) to base 13.
1
Convert -20 (base 4) to base 14.
-8
Convert 5 (base 6) to base 10.
5
-165 (base 12) to base 13
-140
What is -32 (base 12) in base 10?
-38
What is -4 (base 5) in base 10?
-4
What is -1 (base 14) in base 13?
-1
-45 (base 6) to base 11
-27
9a (base 14) to base 7
253
Convert -2011 (base 3) to base 4.
-322
8 (base 10) to base 7
11
What is -112 (base 8) in base 7?
-134
Convert -222 (base 4) to base 5.
-132
What is -16 (base 16) in base 8?
-26
77 (base 9) to base 16
46
40 (base 5) to base 8
24
What is -58 (base 9) in base 13?
-41
Convert -1c (base 16) to base 6.
-44
15 (base 8) to base 10
13
Convert 19 (base 14) to base 12.
1b
What is -40 (base 8) in base 10?
-32
What is -25 (base 6) in base 15?
-12
101 (base 2) to base 3
12
-10 (base 12) to base 8
-14
50 (base 11) to base 15
3a
What is -2 (base 4) in base 7?
-2
What is -11000 (base 2) in base 14?
-1a
2121 (base 3) to base 16
46
What is -54 (base 7) in base 4?
-213
Convert 141 (base 6) to base 2.
111101
What is 1a (base 11) in base 10?
21
Convert 3 (base 4) to base 11.
3
What is -ab (base 12) in base 9?
-155
0 (base 4) to base 2
0
What is 12 (base 4) in base 10?
6
Convert 4 (base 11) to base 6.
4
-19 (base 12) to base 2
-10101
Convert 1231 (base 5) to base 8.
277
What is -13 (base 6) in base 9?
-10
What is -15 (base 10) in base 14?
-11
5 (base 14) to base 2
101
-6 (base 7) to base 15
-6
What is -1 (base 14) in base 6?
-1
-5 (base 12) to base 15
-5
What is 11 (base 6) in base 15?
7
Convert -3 (base 16) to base 13.
-3
-2 (base 12) to base 16
-2
Convert -3 (base 4) to base 9.
-3
Convert 1 (base 15) to base 8.
1
What is -3 (base 15) in base 6?
-3
-20 (base 3) to base 5
-11
10100 (base 2) to base 8
24
Convert 3 (base 11) to base 10.
3
What is -200 (base 3) in base 9?
-20
What is 39 (base 11) in base 12?
36
-23 (base 5) to base 7
-16
What is 86 (base 9) in base 5?
303
c (base 16) to base 7
15
Convert -1 (base 10) to base 15.
-1
24 (base 15) to base 14
26
What is 5 (base 8) in base 13?
5
Convert -12 (base 9) to base 10.
-11
Convert 188 (base 9) to base 11.
137
Convert -11 (base 4) to base 11.
-5
6 (base 16) to base 11
6
10 (base 5) to base 11
5
What is 3 (base 12) in base 11?
3
What is -1 (base 2) in base 13?
-1
f2 (base 16) to base 3
22222
Convert -1021 (base 4) to base 14.
-53
Convert -8 (base 11) to base 15.
-8
Convert -44 (base 9) to base 10.
-40
What is -18 (base 16) in base 13?
-1b
Convert 54 (base 11) to base 13.
47
-523 (base 7) to base 10
-262
Convert -3221 (base 4) to base 16.
-e9
What is 23 (base 12) in base 5?
102
What is 22 (base 15) in base 5?
112
What is 100011 (base 3) in base 7?
502
What is -95 (base 16) in base 4?
-2111
Convert -10000 (base 2) to base 8.
-20
-37 (base 9) to base 2
-100010
What is -60 (base 8) in base 15?
-33
-77 (base 8) to base 14
-47
What is 2a (base 13) in base 2?
100100
What is -9 (base 10) in base 14?
-9
-b (base 13) to base 4
-23
Convert -1002 (base 7) to base 10.
-345
Convert 12 (base 14) to base 9.
17
Convert 1 (base 7) to base 11.
1
Convert -103 (base 7) to base 4.
-310
Convert 33 (base 12) to base 7.
54
-21 (base 4) to base 16
-9
What is 6 (base 11) in base 6?
10
Convert -28 (base 11) to base 13.
-24
What is -22 (base 3) in base 9?
-8
What is 4 (base 15) in base 7?
4
Convert 12 (base 9) to base 2.
1011
Convert 1101 (base 2) to base 16.
d
-1b (base 15) to base 13
-20
What is 20 (base 7) in base 15?
e
Convert 1 (base 3) to base 10.
1
-17 (base 12) to base 2
-10011
What is -2 (base 3) in base 14?
-2
Convert 3 (base 11) to base 7.
3
Convert -6 (base 16) to base 6.
-10
Convert 39 (base 14) to base 15.
36
55 (base 6) to base 7
50
60 (base 7) to base 11
39
What is 0 (base 10) in base 2?
0
-19 (base 15) to base 9
-26
10 (base 3) to base 16
3
-1 (base 9) to base 7
-1
Convert 6 (base 14) to base 3.
20
-10020 (base 3) to base 16
-57
-200 (base 7) to base 6
-242
What is 10 (base 2) in base 9?
2
What is -22201 (base 3) in base 11?
-1a4
8 (base 11) to base 15
8
Convert -1 (base 14) to base 6.
-1
What is -9a (base 13) in base 11?
-106
20 (base 5) to base 10
10
22 (base 9) to base 2
10100
What is -3 (base 13) in base 11?
-3
What is -15 (base 11) in base 12?
-14
What is -2 (base 6) in base 11?
-2
What is -3b (base 15) in base 16?
-38
245 (base 7) to base 2
10000011
What is 2 (base 3) in base 9?
2
What is -10 (base 7) in base 8?
-7
Convert -2 (base 6) to base 13.
-2
Convert -483 (base 9) to base 16.
-18f
-24 (base 10) to base 14
-1a
Convert -c3 (base 14) to base 5.
-1141
Convert 1011 (base 2) to base 5.
21
-2 (base 8) to base 4
-2
Convert 2 (base 8) to base 2.
10
Convert 87 (base 16) to base 14.
99
Convert 1 (base 9) to base 12.
1
What is 1 (base 15) in base 14?
1
Convert -131 (base 4) to base 11.
-27
Convert 110 (base 5) to base 12.
26
Convert 45 (base 8) to base 13.
2b
Convert 1 (base 15) to base 5.
1
What is -11 (base 7) in base 14?
-8
-b (base 14) to base 16
-b
Convert -30 (base 5) to base 6.
-23
326 (base 8) to base 15
e4
What is -2 (base 13) in base 6?
-2
1 (base 2) to base 16
1
What is -10 (base 3) in base 9?
-3
What is -1 (base 6) in base 11?
-1
Convert -102 (base 3) to base 5.
-21
Convert 12 (base 4) to base 3.
20
-6 (base 14) to base 9
-6
What is -2 (base 15) in base 6?
-2
6 (base 13) to base 11
6
Convert -1011 (base 2) to base 16.
-b
What is -1001 (base 3) in base 11?
-26
Convert 35 (base 11) to base 9.
42
Convert 1 (base 2) to base 9.
1
What is b1 (base 16) in base 6?
453
-2a (base 13) to base 5
-121
What is -53 (base 8) in base 11?
-3a
What is -3b (base 15) in base 14?
-40
Convert 3 (base 15) to base 2.
11
What is -123 (base 5) in base 11?
-35
What is 5 (base 15) in base 2?
101
Convert 2 (base 13) to base 10.
2
Convert ba (base 12) to base 4.
2032
What is -5 (base 10) in base 16?
-5
Convert 11 (base 4) to base 8.
5
30 (base 10) to base 7
42
Convert 1132 (base 5) to base 12.
11b
What is 23 (base 8) in base 2?
10011
What is -3 (base 8) in base 11?
-3
-e (base 15) to base 5
-24
What is -104 (base 7) in base 13?
-41
Convert 36 (base 7) to base 2.
11011
Convert -22 (base 3) to base 9.
-8
Convert -3 (base 16) to base 11.
-3
What is -1100 (base 2) in base 7?
-15
Convert -2303 (base 4) to base 15.
-be
What is 14 (base 9) in base 14?
d
What is 121 (base 9) in base 3?
10201
What is -213 (base 9) in base 14?
-c6
Convert -47 (base 10) to base 11.
-43
-242 (base 6) to base 3
-10122
What is -84 (base 12) in base 14?
-72
Convert 21 (base 8) to base 5.
32
Convert 1 (base 13) to base 11.
1
121 (base 9) to base 6
244
Convert 1010101 (base 2) to base 7.
151
-7 (base 14) to base 15
-7
What is -11001001 (base 2) in base 15?
-d6
What is -5 (base 11) in base 7?
-5
Convert -2021 (base 3) to base 11.
-56
-12 (base 8) to base 5
-20
What is b (base 12) in base 8?
13
Convert 68 (base 15) to base 4.
1202
-313 (base 9) to base 13
-168
Convert a5 (base 13) to base 6.
343
What is -101110 (base 2) in base 5?
-141
22 (base 3) to base 9
8
200 (base 3) to base 2
10010
Convert -2 (base 10) to base 2.
-10
Convert 17c (base 13) to base 5.
2042
Convert 0 (base 9) to base 7.
0
130 (base 12) to base 13
10b
What is -137 (base 11) in base 15?
-ab
What is -18 (base 15) in base 11?
-21
21112 (base 3) to base 9
245
Convert 10 (base 10) to base 8.
12
Convert -13b (base 12) to base 14.
-d9
Convert -2 (base 15) to base 6.
-2
4 (base 6) to base 7
4
What is -10 (base 4) in base 11?
-4
Convert 11110001 (base 2) to base 5.
1431
Convert -5 (base 10) to base 14.
-5
-3 (base 16) to base 8
-3
Convert -9c (base 15) to base 6.
-403
What is -63 (base 9) in base 11?
-52
2c (base 16) to base 6
112
-113 (base 6) to base 15
-30
Convert 1 (base 11) to base 13.
1
What is 1133 (